{"id":7075,"date":"2017-03-23T11:30:54","date_gmt":"2017-03-23T11:30:54","guid":{"rendered":"https:\/\/vino.qodeinteractive.com\/?page_id=7075"},"modified":"2025-07-04T12:28:46","modified_gmt":"2025-07-04T10:28:46","slug":"notre-histoire","status":"publish","type":"page","link":"https:\/\/www.valdelorme.fr\/index.php\/notre-histoire\/","title":{"rendered":"Notre histoire"},"content":{"rendered":"<div class=\"wpb-content-wrapper\"><p>[vc_row css=\u00a0\u00bb.vc_custom_1751624924223{margin-top: -90px !important;padding-top: 150px !important;padding-bottom: 150px !important;}\u00a0\u00bb][vc_column css=\u00a0\u00bb.vc_custom_1750683071722{margin-top: 0px !important;}\u00a0\u00bb]<div class=\"eltdf-elements-holder eltdf-responsive-mode-768\" ><div class=\"eltdf-eh-item eltdf-horizontal-alignment-center\" data-item-class=\"eltdf-eh-custom-519115\" data-1280-1600=\"0 30% 0 30%\" data-1024-1280=\"0 27% 0 27%\" data-768-1024=\"0 15% 0 15%\" data-600-768=\"0 7% 0 7%\" data-480=\"0 5% 0 5%\" >\n\t<div class=\"eltdf-eh-item-inner\" >\n\t\t<div class=\"eltdf-eh-item-content eltdf-eh-custom-519115\" style=\"padding: 0 32% 0 32%\">\n\t\t\t[vc_column_text]<\/p>\n<p style=\"text-align: justify;\">Depuis ses racines familiales profond\u00e9ment ancr\u00e9es \u00e0 Tavel jusqu\u2019\u00e0 la naissance du Domaine Val de l\u2019Orme, notre histoire est avant tout celle d\u2019une passion partag\u00e9e et transmise. Chaque \u00e9tape, chaque mill\u00e9sime, chaque c\u00e9page oubli\u00e9 replant\u00e9 traduit notre volont\u00e9 de pr\u00e9server ce lien vivant entre la nature, le terroir et ceux qui le fa\u00e7onnent. Aujourd\u2019hui, nous continuons d\u2019\u00e9crire cette aventure, entour\u00e9s de notre famille, de nos partenaires et de nos clients, avec la m\u00eame exigence\u202f: produire des vins sinc\u00e8res, fid\u00e8les \u00e0 notre terre et ouverts sur l\u2019avenir.<\/p>\n<p>[\/vc_column_text][vc_empty_space height=\u00a0\u00bb60px\u00a0\u00bb][vc_single_image image=\u00a0\u00bb11154&Prime; img_size=\u00a0\u00bbfull\u00a0\u00bb][vc_empty_space height=\u00a0\u00bb150px\u00a0\u00bb]\t\t<\/div>\n\t<\/div>\n\t<\/div><\/div>[vc_separator][vc_empty_space height=\u00a0\u00bb37px\u00a0\u00bb][vc_row_inner][vc_column_inner offset=\u00a0\u00bbvc_hidden-xs\u00a0\u00bb][vc_single_image image=\u00a0\u00bb7297&Prime; img_size=\u00a0\u00bbfull\u00a0\u00bb alignment=\u00a0\u00bbcenter\u00a0\u00bb css=\u00a0\u00bb.vc_custom_1490973175556{margin-bottom: -2px !important;}\u00a0\u00bb][\/vc_column_inner][\/vc_row_inner]<div class=\"eltdf-workflow eltdf-workflow-animate\">\n    <div class=\"eltdf-workflow-item eltdf-workflow-item-equal\">\n    <div class=\"eltdf-workflow-item-inner\">\n        <div class=\"eltdf-workflow-text-left\">\n                            <h6 class=\"eltdf-wfi-subtitle\">Les racines familiales<\/h6>\n                        <span class=\"circle\"><\/span>\n                            <h3 class=\"eltdf-wfi-title\">D\u00e9but du XX\u1d49 si\u00e8cle<\/h3>\n                                        <p class=\"text\">Les premi\u00e8res g\u00e9n\u00e9rations de vignerons de la famille Delorme cultivent la vigne \u00e0 Tavel et Saze, posant les bases d\u2019un savoir-faire transmis de p\u00e8re en fils.<\/p>\n                    <\/div>\n        <div class=\"eltdf-workflow-image\">\n            <img decoding=\"async\" width=\"2057\" height=\"1440\" src=\"https:\/\/www.valdelorme.fr\/wp-content\/uploads\/2025\/06\/269DB42C-5533-4624-9A6D-2F8DB9AF084C-scaled-e1750241366475.jpg\" class=\"attachment-full size-full\" alt=\"\" srcset=\"https:\/\/www.valdelorme.fr\/wp-content\/uploads\/2025\/06\/269DB42C-5533-4624-9A6D-2F8DB9AF084C-scaled-e1750241366475.jpg 2057w, https:\/\/www.valdelorme.fr\/wp-content\/uploads\/2025\/06\/269DB42C-5533-4624-9A6D-2F8DB9AF084C-scaled-e1750241366475-300x210.jpg 300w, https:\/\/www.valdelorme.fr\/wp-content\/uploads\/2025\/06\/269DB42C-5533-4624-9A6D-2F8DB9AF084C-scaled-e1750241366475-1024x717.jpg 1024w, https:\/\/www.valdelorme.fr\/wp-content\/uploads\/2025\/06\/269DB42C-5533-4624-9A6D-2F8DB9AF084C-scaled-e1750241366475-768x538.jpg 768w, https:\/\/www.valdelorme.fr\/wp-content\/uploads\/2025\/06\/269DB42C-5533-4624-9A6D-2F8DB9AF084C-scaled-e1750241366475-1536x1075.jpg 1536w, https:\/\/www.valdelorme.fr\/wp-content\/uploads\/2025\/06\/269DB42C-5533-4624-9A6D-2F8DB9AF084C-scaled-e1750241366475-700x490.jpg 700w\" sizes=\"(max-width: 2057px) 100vw, 2057px\" \/>        <\/div>\n        <div class=\"eltdf-workflow-text-right\">\n            <span class=\"circle\"><\/span>\n                            <h6 class=\"eltdf-wfi-subtitle\">Retour aux sources<\/h6>\n                                        <h3 class=\"eltdf-wfi-title\">2018<\/h3>\n                                        <p class=\"text\">Jean-Maxime Delorme d\u00e9cide de reprendre les terres de son grand-p\u00e8re et de son p\u00e8re, en commen\u00e7ant \u00e0 travailler les vignes dans le respect du vivant.<\/p>\n                    <\/div>\n    <\/div>\n<\/div><div class=\"eltdf-workflow-item eltdf-workflow-item-equal\">\n    <div class=\"eltdf-workflow-item-inner\">\n        <div class=\"eltdf-workflow-text-left\">\n                            <h6 class=\"eltdf-wfi-subtitle\">Premiers mill\u00e9simes<\/h6>\n                        <span class=\"circle\"><\/span>\n                            <h3 class=\"eltdf-wfi-title\">2021<\/h3>\n                                        <p class=\"text\">Sans cave propre, Jean-Maxime vinifie ses premi\u00e8res cuv\u00e9es sous son nom, affirmant d\u00e9j\u00e0 son style\u202f: authenticit\u00e9, finesse et vins de plaisir.<\/p>\n                    <\/div>\n        <div class=\"eltdf-workflow-image\">\n            <img decoding=\"async\" width=\"360\" height=\"640\" src=\"https:\/\/www.valdelorme.fr\/wp-content\/uploads\/2025\/06\/IMG_2906-002.jpg\" class=\"attachment-full size-full\" alt=\"\" srcset=\"https:\/\/www.valdelorme.fr\/wp-content\/uploads\/2025\/06\/IMG_2906-002.jpg 360w, https:\/\/www.valdelorme.fr\/wp-content\/uploads\/2025\/06\/IMG_2906-002-169x300.jpg 169w\" sizes=\"(max-width: 360px) 100vw, 360px\" \/>        <\/div>\n        <div class=\"eltdf-workflow-text-right\">\n            <span class=\"circle\"><\/span>\n                            <h6 class=\"eltdf-wfi-subtitle\">Le projet s&#039;affine...<\/h6>\n                                        <h3 class=\"eltdf-wfi-title\">2022<\/h3>\n                                        <p class=\"text\">Il affine ses m\u00e9thodes, explore de nouvelles vinifications (levures indig\u00e8nes, mac\u00e9ration carbonique) et pr\u00e9pare l\u2019acquisition d\u2019un domaine pour concr\u00e9tiser sa vision.<\/p>\n                    <\/div>\n    <\/div>\n<\/div><div class=\"eltdf-workflow-item eltdf-workflow-item-equal\">\n    <div class=\"eltdf-workflow-item-inner\">\n        <div class=\"eltdf-workflow-text-left\">\n                            <h6 class=\"eltdf-wfi-subtitle\">Naissance du Domaine Val de l\u2019Orme<\/h6>\n                        <span class=\"circle\"><\/span>\n                            <h3 class=\"eltdf-wfi-title\">2023<\/h3>\n                                        <p class=\"text\">Jean-Maxime acquiert enfin un domaine \u00e0 Tavel. Il replante des ormes champ\u00eatres sur une parcelle embl\u00e9matique\u202f: le \u00ab\u202fVallon de l\u2019Orme\u202f\u00bb donne son nom au domaine.<\/p>\n                    <\/div>\n        <div class=\"eltdf-workflow-image\">\n            <img decoding=\"async\" width=\"640\" height=\"360\" src=\"https:\/\/www.valdelorme.fr\/wp-content\/uploads\/2025\/06\/IMG_6186.jpg\" class=\"attachment-full size-full\" alt=\"\" srcset=\"https:\/\/www.valdelorme.fr\/wp-content\/uploads\/2025\/06\/IMG_6186.jpg 640w, https:\/\/www.valdelorme.fr\/wp-content\/uploads\/2025\/06\/IMG_6186-300x169.jpg 300w\" sizes=\"(max-width: 640px) 100vw, 640px\" \/>        <\/div>\n        <div class=\"eltdf-workflow-text-right\">\n            <span class=\"circle\"><\/span>\n                            <h6 class=\"eltdf-wfi-subtitle\">Une aventure en mouvement<\/h6>\n                                        <h3 class=\"eltdf-wfi-title\">Aujourd\u2019hui<\/h3>\n                                        <p class=\"text\">Toutes les vignes sont certifi\u00e9es ou en conversion bio. Jean-Maxime r\u00e9habilite des c\u00e9pages rares, \u00e9labore des cuv\u00e9es naturelles et partage son amour du terroir lors de visites et d\u00e9gustations au domaine.<\/p>\n                    <\/div>\n    <\/div>\n<\/div><\/div>[vc_single_image image=\u00a0\u00bb7287&Prime; img_size=\u00a0\u00bbfull\u00a0\u00bb alignment=\u00a0\u00bbcenter\u00a0\u00bb css=\u00a0\u00bb.vc_custom_1490972834054{margin-top: -10px !important;}\u00a0\u00bb][\/vc_column][\/vc_row]<\/p>\n<\/div>","protected":false},"excerpt":{"rendered":"<p>[vc_row css=\u00a0\u00bb.vc_custom_1751624924223{margin-top: -90px !important;padding-top: 150px !important;padding-bottom: 150px !important;}\u00a0\u00bb][vc_column css=\u00a0\u00bb.vc_custom_1750683071722{margin-top: 0px !important;}\u00a0\u00bb][vc_separator][vc_empty_space height=\u00a0\u00bb37px\u00a0\u00bb][vc_row_inner][vc_column_inner offset=\u00a0\u00bbvc_hidden-xs\u00a0\u00bb][vc_single_image image=\u00a0\u00bb7297&Prime; img_size=\u00a0\u00bbfull\u00a0\u00bb alignment=\u00a0\u00bbcenter\u00a0\u00bb css=\u00a0\u00bb.vc_custom_1490973175556{margin-bottom: -2px !important;}\u00a0\u00bb][\/vc_column_inner][\/vc_row_inner][vc_single_image image=\u00a0\u00bb7287&Prime; img_size=\u00a0\u00bbfull\u00a0\u00bb alignment=\u00a0\u00bbcenter\u00a0\u00bb css=\u00a0\u00bb.vc_custom_1490972834054{margin-top: -10px !important;}\u00a0\u00bb][\/vc_column][\/vc_row]<\/p>\n","protected":false},"author":1,"featured_media":0,"parent":0,"menu_order":0,"comment_status":"closed","ping_status":"closed","template":"","meta":{"om_disable_all_campaigns":false,"_themeisle_gutenberg_block_has_review":false,"footnotes":""},"class_list":["post-7075","page","type-page","status-publish","hentry"],"jetpack_sharing_enabled":true,"_links":{"self":[{"href":"https:\/\/www.valdelorme.fr\/index.php\/wp-json\/wp\/v2\/pages\/7075","targetHints":{"allow":["GET"]}}],"collection":[{"href":"https:\/\/www.valdelorme.fr\/index.php\/wp-json\/wp\/v2\/pages"}],"about":[{"href":"https:\/\/www.valdelorme.fr\/index.php\/wp-json\/wp\/v2\/types\/page"}],"author":[{"embeddable":true,"href":"https:\/\/www.valdelorme.fr\/index.php\/wp-json\/wp\/v2\/users\/1"}],"replies":[{"embeddable":true,"href":"https:\/\/www.valdelorme.fr\/index.php\/wp-json\/wp\/v2\/comments?post=7075"}],"version-history":[{"count":29,"href":"https:\/\/www.valdelorme.fr\/index.php\/wp-json\/wp\/v2\/pages\/7075\/revisions"}],"predecessor-version":[{"id":11384,"href":"https:\/\/www.valdelorme.fr\/index.php\/wp-json\/wp\/v2\/pages\/7075\/revisions\/11384"}],"wp:attachment":[{"href":"https:\/\/www.valdelorme.fr\/index.php\/wp-json\/wp\/v2\/media?parent=7075"}],"curies":[{"name":"wp","href":"https:\/\/api.w.org\/{rel}","templated":true}]}}